t l be (-4)/3*(m + -1101). Is (l/(-32))/((-9)/24) prime?
False
Let z(x) = x**3 + 8*x**2 + 8*x + 31. Let k be z(-7). Suppose k*d - 4115 = 23173. Is d a prime number?
False
Suppose 5*z = 3*z + 110. Let x = z + -51. Suppose x*l = 3*y + 15868, 2*l - 5*y = -3*y + 7934. Is l composite?
False
Let l(q) = q**3 + 2*q**2 + 5*q + 18. Let d be l(0). Suppose -d*v + 5745 = -15*v. Is v composite?
True
Let c(b) = 2556*b + 1591. Is c(5) composite?
True
Suppose -a + 1264 = 2*q, 5*q - 3160 = a - 4*a. Let b = 3867 + q. Is b prime?
False
Suppose -15*j - j = 0. Suppose 5*q + 79227 = 4*c, -2*c - 2*c - 4*q + 79272 = j. Is c a composite number?
False
Let t = 68 - 59. Let c(o) = o**3 - 10*o**2 + 11*o - 14. Let a be c(t). Let r(y) = 8*y**3 - 9*y + 3. Is r(a) composite?
False
Let o = 89 + -107. Is 1700 - o - (2 + 2) prime?
False
Let k(t) = -24*t**2 + 4*t + 3. Let d be k(-8). Let c = d + 617. Is (c/(-18))/(4/6) composite?
False
Is (169864681/(-1435))/((-1)/5) a composite number?
False
Suppose 6 + 33 = 5*x - 2*n, 4*n + 6 = 2*x. Let p(k) = 42*k**3 + 7*k**2 + 7*k - 11. Is p(x) a prime number?
True
Let c(h) = 3391*h**2 - 26*h - 13. Is c(-6) a prime number?
True
Let x = 33 + -28. Suppose -x*o + 141 + 14 = 0. Suppose 34*a = o*a + 381. Is a a composite number?
False
Suppose 2*h - 304291 = q, q - 44558 = 3*h - 500992. Is h prime?
False
Let u be (-3)/(-2 - (20/(-16))/1). Suppose 16706 = 3*c - 3*s + 4484, -u*s = -2*c + 8150. Is c composite?
False
Is (43263 + -2)/(4 - 39/13) composite?
False
Suppose 0*p - p + 49 = 2*r, 95 = 2*p + 5*r. Let z be (-22)/p - -4*391/10. Suppose 0 = -3*n + 2*f + 581, f + z - 916 = -4*n. Is n a prime number?
True
Is (2/(3 - -5))/(1589325/794660 - 2) composite?
False
Suppose -3*s + 34 = 13. Let v = s - 19. Is v/(-16) - 2/(8/(-14833)) a composite number?
False
Let h(p) = 145*p**3 - 5*p**2 - 163*p - 39. Is h(16) a prime number?
True
Suppose 7*l - 110 - 128 = 0. Suppose 0 = w - l - 19. Suppose 29 + w = u. Is u a prime number?
False
Let j = 290762 + -185011. Is j composite?
False
Let v = -50504 - -134766. Is v composite?
True
Let u be 50/(-15)*(-21)/2. Let x = -9 + u. Suppose 27*n = x*n + 673. Is n composite?
False
Suppose 266*i = 265*i + 2*s + 15, s = 2*i - 12. Let j(b) be the first derivative of 95*b**2/2 + 6*b + 2. Is j(i) composite?
True
Is (0 + -4 - -16) + 364835 a prime number?
False
Let h be (-6)/(-9) + 25/3. Let q(l) = -255*l + 1023. Let f be q(4). Suppose f*a = h*a - 582. Is a composite?
False
Let a = -344 + 75. Suppose 5*o = -w + 936, 31*o - 5*w = 28*o + 584. Let g = o - a. Is g a prime number?
True
Suppose 0 = 3*q - w - 26, -q - 3*w = 2*w - 14. Let n(s) = 9*s**3 + 8*s**2 - 13*s - 23. Is n(q) a prime number?
True
Let w = 14327 + -14327. Suppose f + 214 = 1675. Suppose 64*q - 67*q + f = w. Is q composite?
False
Let a(b) = -b**2 + 7*b - 5. Suppose -13 = -4*q - h, 1 = 4*h - 3*h. Is a(q) prime?
True
Let w be (-1)/(-3) - (-4)/((-12)/187). Let i = 66 + w. Is (4134/(-9) + -4)/(i/(-6)) a composite number?
True
Suppose 0 = 5*z - f - 5 - 13, z = -f. Suppose -z*d - 3*y = -8*y - 16771, -4*d - 3*y + 22342 = 0. Is d a composite number?
True
Let j(d) = -23*d + 700. Let u be j(10). Suppose -7*o + 2*x - 1091 = -2*o, 0 = 3*o + 3*x + 642. Let s = o + u. Is s a composite number?
True
Let s be 7*(-1 + (-65)/(-35)). Suppose -882 = s*p - 4*p. Let z = p - -878. Is z prime?
False
Suppose 3*i = -14 + 8, -4*t + 4*i = -8. Is ((-12 - 36679)*(t + -1))/1 composite?
False
Suppose -b + 108081 = -2*t - 249934, -2*b - 6*t = -716020. Is b a prime number?
False
Suppose -3*u + 44072 = 6*u - 25687. Is u prime?
False
Suppose -2*u - 34*a + 211344 = -33*a, -5*u - 2*a = -528359. Is u composite?
True
Let f(t) = -5*t**3 - t**2 + 3*t - 2. Let p be f(1). Let s be (p + (-109)/3)*-36. Suppose 295 - s = -k. Is k a prime number?
True
Let u be (99/18 - 6) + (-126)/(-4). Suppose -39588 = -u*i + 19*i. Is i composite?
False
Is (3/9)/(-1)*(306 + -1679289) composite?
True
Let o = 19 + -17. Let d be o + 1*(-3 - -4). Suppose h - 4*l - 281 = 0, d*l - 379 = -2*h + 216. Is h a prime number?
True
Let c = 56074 - 5427. Is c a composite number?
False
Let q be (-1)/3 + 23696/24. Let k = q - 164. Let p = k + 1446. Is p a prime number?
True
Let w(z) = 1038*z**3 - 6*z**2 + 33*z + 28. Is w(5) composite?
False
Let i = -315 + 288. Let o(g) = 16*g**2 - 15*g - 14. Is o(i) a prime number?
False
Suppose -3*v = -4*v - 3*o + 38, 0 = -5*v + 3*o + 208. Let j = 39 - v. Is 1*(j + 1)/((-3)/633) a composite number?
False
Let k be 4/3 + -2 + 65494/6. Suppose -4*u + 0*u + 5*g = -8732, 5*u - 2*g - k = 0. Is u a composite number?
True
Let s = -317104 - -489053. Is s prime?
False
Let k = -230 - -233. Suppose k*q - 2*u = 4777, 1017 + 2166 = 2*q - u. Is q a composite number?
True
Let c = 10286 - 16757. Let g = 9694 + c. Is g prime?
False
Let j(f) = 147*f + 104*f + 1 - 92*f + 109*f. Let w be (8/(-10))/(4/(-10)). Is j(w) a prime number?
False
Suppose 0 = 4*p - 2 - 6. Suppose 4*l - p*s = -l + 5161, -4*l - 2*s = -4118. Is l a prime number?
True
Let k(f) = -692*f**3 + 3*f**2 + 4*f + 5. Let b be (5 - (9 - 0)) + 2. Is k(b) prime?
False
Suppose 18*z = 8*z + 60. Suppose z*c - 16276 - 8822 = 0. Is c a prime number?
False
Suppose 2*i + 3 = -3, -5*i + 25 = 5*g. Suppose g*a - 16902 = -1310. Is a prime?
True
Let v = -827 + 2222. Suppose -4*p = -v - 6809. Is p prime?
False
Is ((-181768)/(-24) - -1) + (-5)/3 composite?
False
Is 534403*((-198)/9 - -23) a composite number?
False
Let u(v) = 26*v**2 - 9*v + 13. Let s(t) = t + 2. Let o(j) = 1. Let r(p) = 2*o(p) - s(p). Let c(f) = -4*r(f) + u(f). Is c(4) prime?
True
Let j(w) = w**3 - 6*w**2 - 8*w + 13. Let k be j(7). Suppose 9*v - 244695 = -k*v. Is v composite?
True
Let h = -4762 + 10154. Suppose 14*b - h - 3694 = 0. Is b a composite number?
True
Let q(j) = -20*j - 7503 - 13*j + 7595. Is q(-13) a composite number?
False
Suppose 2*n = -2*o - 0*o + 86, 4*n + 5*o = 174. Suppose 0 = -21*q + n*q - 63100. Is q a prime number?
False
Let v(r) = 24*r**2 + 5*r + 9. Let l be v(-5). Let m(s) = -15*s - 3. Let w be m(6). Let j = w + l. Is j a prime number?
True
Is ((-6)/(-10))/((-19)/(-1293805)) a composite number?
True
Let i(f) = -2*f + 34. Let j be i(16). Suppose 0 = l + j*l - 18. Is (-6)/(-9) + 2 + 8990/l a prime number?
False
Is 64726/(-3)*((-60 - -54) + (-6)/4) a composite number?
True
Let l(k) = 6 - 1 - 22*k + 4*k**2 + 12*k**2 + 20. Is l(-11) prime?
True
Let a = 15972 - 3459. Let d = 26786 - a. Is d prime?
False
Let p be (1 - -2) + -1 + (-3 - -3). Let a(f) = f**2 + 1. Let j be a(p). Suppose u + 4*s = 351, 4*u = -u + j*s + 1805. Is u composite?
False
Let f(k) = k**2 + 4*k - 93. Let c be f(-12). Let v(g) = 17*g + 1 + 1 + 62*g. Is v(c) a prime number?
True
Let u be (12/16)/(3/16). Let w be 0/(-1 - (u + -4)). Suppose 6*f - 1548 - 7314 = w. Is f a composite number?
True
Let u(x) be the first derivative of x**4/4 + 14*x**3/3 + 9*x**2/2 + 21*x + 18. Let a be u(-16). Let p = 1474 + a. Is p a prime number?
True
Let i be ((-6 - (0 - 2)) + 3)*-4. Suppose -i*w + 2*b + 3076 = 0, 0*b = w - b - 769. Is w composite?
False
Let d be ((-77)/28)/(3/(-12)). Let w = d + -8. Suppose -211 - 800 = -w*i. Is i prime?
True
Let n = 13359 - 292. Suppose -f - 3838 = -n. Is f a prime number?
False
Let b = 299 + 102. Let z = 796 - b. Is z composite?
True
Suppose -1145 = -2*b + 705. Suppose 24*f = 19*f + b. Is f prime?
False
Let z be 88830/2 - (-5 + 0). Suppose -4*f - 14835 = -y, 0*f + z = 3*y + 5*f. Is y a prime number?
False
Suppose -k + 24 = 18. Suppose -2*g - k = 8. Is (-2)/(-11) - (292726/22)/g composite?
False
Suppose 18*g + 29*g = -2*g + 128714719. Is g prime?
False
Suppose 2201 = 8*v - 15*v + 223296. Is v a composite number?
True
Let z(k) = 7*k - 45. Suppose -4*s = -2*o - 44, 0*s - 29 = -s + 5*o. Let r be z(s). Is r/(-27)*13422/(-4) a composite number?
False
Suppose 18*f - 45*f - 42*f = -13979055. Is f a composite number?
True
Let f(r) = 45990*r**2 + 154*r - 33. Is f(-4) composite?
True
Let d(y) = 11*y**3 + 3*y**2 + y - 1. Let b be d(-1). Let k be 18/b - 15/75. Is (-7694)/(-12) - k/(-12) composite?
False
Let c(b) = 2711*b**2 - 193*b + 1061. Is c(6) a prime number?
True
Let d(b) = 455*b**2 + 3*b - 895*b**2 + 1 - 1796*b**3 + 441*b**2. Let k be (-2)/5 - 15/25. Is d(k) a composite number?
True
Let g(c) be the first derivative of -18*c**2 + c + 24